*18.
5
Calculate the remainder when (-1)/(4 + -5) + 62 is divided by 11.
8
Let r be (5/10)/((-1)/(-30)). Suppose -10*a - 35 = -r*a. What is the remainder when a is divided by 3?
1
Let d be (54/(-5))/(1 - (-42)/(-30)). Suppose -7*z = -8*z + d. Suppose 2*x + 4*v = -0*x + 114, -218 = -4*x - 3*v. What is the remainder when x is divided by z?
26
Suppose -v - 3*t = -236, -5*v + 1249 = 5*t + 59. What is the remainder when v is divided by 30?
29
Calculate the remainder when (-5)/((2/40)/((-72)/45)) is divided by 75.
10
Let x(q) = -q**3 - 6*q**2 + q + 14. Calculate the remainder when 12 is divided by x(-6).
4
What is the remainder when 391 is divided by -3*((-176)/(-33) + -7)?
1
Let i = 11 - 7. Suppose -i*b - 3*h + 133 = -0*b, -2*b + 4*h = -94. What is the remainder when b is divided by 10?
7
Let z(t) = -t**3 - 2*t**2 + 7*t + 7. Suppose 3*u - o = -7, 10*u - 5*o - 5 = 5*u. Calculate the remainder when 30 is divided by z(u).
8
Let d(f) = -6*f**2 + 128*f - 106. What is the remainder when d(20) is divided by 2*(-1)/(-2) + 13?
12
Let n be 55/(-10)*1*-2. What is the remainder when 118 is divided by n + -7 - 1*-20?
22
Let k = 142 - 85. Suppose 6*p + k = 9*p. Suppose -5*n + 25 + 0 = 0. Calculate the remainder when p is divided by n.
4
Let a be (-36)/54 + (-155)/(-3). Suppose 4*f - 4*m = 96, -f - 5*m = -3*f + a. Calculate the remainder when 86 is divided by f.
17
Let p(k) be the second derivative of k**5/20 - k**4/12 - k**3/3 + 9*k**2 - 31*k. What is the remainder when p(0) is divided by 2?
0
Suppose 1807 = 3*v + 5*b, 2*v - 1238 = -0*b + 5*b. What is the remainder when v is divided by 13?
11
Suppose -5*b + 405 = -4*j - j, 3*b = 12. Let p = j - -157. Suppose p = -4*c + 276. What is the remainder when c is divided by 17?
15
What is the remainder when 40/(-50)*610/(-4) is divided by 18?
14
Suppose 9*x - 5*x = 112. Suppose 2*p + 4 = 3*o, p = -4*p - 2*o + x. Suppose 3*r - 5 = p. What is the remainder when 6 is divided by r?
0
Calculate the remainder when 14/(-35) + 72/5 is divided by 18/(-27) - (-52)/6.
6
Let o = -1415 - -1990. Calculate the remainder when o is divided by 45.
35
Let u(m) = -m**2 - 9*m - 7. Let d be u(-8). Let o be -4*(d + 87/12). Calculate the remainder when 57 is divided by 22/o + (-184)/(-6).
27
Suppose 5*i - 11*i = -90. What is the remainder when 1393 is divided by i?
13
Suppose 2*w - 4*f = 12, -5*w - 4*f + 8 = -2*w. Suppose 0 = -3*b - w + 19. Calculate the remainder when b is divided by 3.
2
Let z = 24 - 15. Let y = 83 + -78. Suppose 3*t - 43 = y*d, 1 = t - 3*d - 12. Calculate the remainder when t is divided by z.
7
Let b = -836 - -929. Calculate the remainder when b is divided by 7.
2
Let j(b) = -b**3 - 35*b**2 - 95*b + 47. Calculate the remainder when 344 is divided by j(-32).
14
Suppose -5*b - k = -1306, 2*b + 3*b - 1310 = -5*k. Calculate the remainder when b is divided by 47.
26
Let f = 801 + -733. Calculate the remainder when 191 is divided by f.
55
Suppose 4*t - 17*t + 1105 = 0. Calculate the remainder when t is divided by 46.
39
Suppose -2*n = -n - 70. Let r = -46 + n. Calculate the remainder when r is divided by 9.
6
Suppose 41 = 3*l + 2. Let d = 80 + -59. Let j = d - l. Calculate the remainder when 30 is divided by j.
6
Let d(i) = 7*i - 46. Calculate the remainder when d(10) is divided by 10.
4
Suppose 12*d - 16*d + 92 = 0. What is the remainder when 67 is divided by d?
21
Suppose -12*u + 7*u + 5*x = -275, 55 = u + x. Calculate the remainder when 157 is divided by u.
47
Let m(k) = -9*k**2 - 11*k + 6. Let g(l) = -8*l**2 - 12*l + 7. Let n(v) = -6*g(v) + 5*m(v). Calculate the remainder when 62 is divided by n(-7).
14
Let r = 132 + -113. What is the remainder when r is divided by 1*10*(-2)/(-4)?
4
Let t(b) = b**3 + b**2 - 4*b - 18. Let a be t(0). Let g(l) = -4*l + 4. Calculate the remainder when g(a) is divided by 26.
24
Suppose 3*g = 4*g - 2*t - 6, 4*g + t + 12 = 0. What is the remainder when 17 is divided by 9/2 - (1 - (-1)/g)?
1
Let x(b) = 5*b - 7. Let m be (-20)/(-3) - ((-8)/(-6))/2. Suppose -m*p = -p - 320. Calculate the remainder when p is divided by x(8).
31
Suppose h - 59 + 21 = 0. What is the remainder when 223 is divided by h?
33
Let v = 531 - 495. Calculate the remainder when 70 is divided by v.
34
Let a(i) = 22*i**2 - i. Let f(r) = 10*r**3 + r**2 - 1. Let c be f(1). Let s(v) = v**3 - 10*v**2 + v + 1. What is the remainder when a(1) is divided by s(c)?
10
Let m(f) = -3*f**3 - f**2 + 2*f + 2. Let s be m(-1). Suppose -5*j = -3*g + s*g - 179, -j - 4*g = -19. What is the remainder when 103 is divided by j?
33
Suppose 4 = -4*u - 4*z, -5*u + 4*u = 4*z + 7. Let a(b) = -2 + b + 1 + 12*b**3 + 21*b**2 - 21*b**2. What is the remainder when a(u) is divided by 7?
5
Let d(n) = -n**3 - 5*n**2 + 3*n + 3. Let b be d(-4). Let z = b - -47. What is the remainder when z is divided by 6?
4
Let a = 107 - 82. Let b(q) = 0*q**3 + 5*q**3 + 10*q**3 - q. What is the remainder when a is divided by b(1)?
11
Let q(n) = 8*n - 9. Suppose -s = -z - 41, 2*s - 4*z + 3*z = 86. Calculate the remainder when s is divided by q(4).
22
Suppose 0 = 4*j - 321 + 901. What is the remainder when 150 is divided by ((-58)/j)/((-131)/(-130) + -1)?
46
Suppose -s + 12628 = 3*n - 0*n, 4*n - s = 16828. Suppose -15*z = -n + 638. Calculate the remainder when z is divided by 30.
28
Suppose 0 = 4*a + 4*i - 62 + 6, a + 3*i = 16. Calculate the remainder when (-15)/(-10)*(2 + 0 + 30) is divided by a.
9
Suppose 15*m + 252 = 8502. What is the remainder when m is divided by 92?
90
Let k = 77 + -37. What is the remainder when k is divided by -2*(10/(-2) - (-11)/(-22))?
7
Suppose w + 3*g = 4*w + 54, 5*w + 81 = 2*g. Calculate the remainder when 15 is divided by 30/(-9)*18/w.
3
Suppose 0 = 5*n + 10, 3*v = -n + 2*n - 52. Let o = v - -48. Suppose 0*p = -2*p + o. What is the remainder when p is divided by 4?
3
What is the remainder when 26 is divided by 2/((-1)/(-2) + -1) - -18?
12
Suppose 6*s + 3*t = 3*s - 18, 0 = -4*s + t - 24. Let f = s - -15. What is the remainder when 35 is divided by f?
8
Let a = 262 + -251. Let p(v) = 2*v**2 + 2*v - 1. What is the remainder when a is divided by p(-2)?
2
Let t(w) = 11*w**2 - 2. Let p = 11 - 7. Let i be t(p). What is the remainder when i/(-15)*5/(-2) is divided by 16?
13
Let w(l) = 2*l**3 - 29*l**2 - 6*l - 10. What is the remainder when w(15) is divided by 14?
13
Let o = 52 - 12. What is the remainder when o is divided by 9?
4
Let q = 1 - -2. What is the remainder when (-1)/(q/24*-2) is divided by 2?
0
Let a(h) = -h**2 - 7*h + 17. Let o(x) = 2*x**3 - 12*x**2 - 4*x + 10. What is the remainder when o(7) is divided by a(-8)?
8
Suppose -138 = 2*a - 0*b + 2*b, 203 = -3*a - 4*b. Let j = 212 + a. Calculate the remainder when j is divided by 28.
27
Let s be (-14)/4*2 - 4. Let z = 13 + s. Suppose -42 = z*u - 5*u. What is the remainder when 26 is divided by u?
12
Suppose -m + 4*m + 4*x = 16, 3*m = 2*x + 46. Suppose 613 = 32*w + 453. What is the remainder when m is divided by w?
2
Suppose 5 + 0 = 5*j. Suppose 5*n + 21 = j, -2*n + 42 = 2*k. Let z = 383 + -311. Calculate the remainder when z is divided by k.
22
Suppose 0 = 5*y + 5 - 235. Let a = y - 33. Calculate the remainder when 50 is divided by a.
11
Let h(u) = u + 34. What is the remainder when (-2)/4 + 932/8 is divided by h(-10)?
20
Let o = 242 + -46. Calculate the remainder when o is divided by 37.
11
Let g = 821 + -753. What is the remainder when g is divided by 14?
12
Let s(g) = -8*g**2 + 12*g**2 - 4*g - 5*g**2 + 14 - 10*g. What is the remainder when s(-12) is divided by 13?
12
Suppose 7*c - 2742 = -1083. What is the remainder when c is divided by 61?
54
Let i = 296 + -286. What is the remainder when 59 is divided by i?
9
Suppose 9 + 55 = m. Suppose 4*i + 0*i = m. Suppose -2*z + 14*z - 372 = 0. What is the remainder when z is divided by i?
15
Suppose -16 - 364 = -10*h. What is the remainder when 53 is divided by (h/(-10) - -5)/((-1)/(-10))?
5
Let j(k) be the third derivative of -k**5/30 + 7*k**4/6 + 41*k**3/6 + 8*k**2. What is the remainder when 80 is divided by j(14)?
39
Let m(y) = y**3 + 12*y**2 - 17*y - 8. Let b be m(-11). Let k = -188 + b. Suppose -11*f + 7*f + k = 0. What is the remainder when f is divided by 15?
13
Suppose 0*h + 2*h - 28 = 0. Let g(x) = 7*x**2 - x + 4. Let z be g(-4). Suppose 0*d + 3*d = 